{"id":759,"date":"2022-01-27T15:36:41","date_gmt":"2022-01-27T14:36:41","guid":{"rendered":"http:\/\/www.dr-moureaux.com\/?page_id=759"},"modified":"2022-01-27T17:33:09","modified_gmt":"2022-01-27T16:33:09","slug":"laser-vasculaire","status":"publish","type":"page","link":"https:\/\/www.dr-moureaux.com\/index.php\/acceuil\/laser-vasculaire\/","title":{"rendered":"Laser Vasculaire\u00a0"},"content":{"rendered":"\t\t<div data-elementor-type=\"wp-page\" data-elementor-id=\"759\" class=\"elementor elementor-759\" data-elementor-settings=\"[]\">\n\t\t\t\t\t\t\t<div class=\"elementor-section-wrap\">\n\t\t\t\t\t\t\t<section class=\"elementor-section elementor-top-section elementor-element elementor-element-86b7615 elementor-section-boxed elementor-section-height-default elementor-section-height-default\" data-id=\"86b7615\" data-element_type=\"section\" data-settings=\"{&quot;_ha_eqh_enable&quot;:false}\">\n\t\t\t\t\t\t<div class=\"elementor-container elementor-column-gap-default\">\n\t\t\t\t\t<div class=\"elementor-column elementor-col-100 elementor-top-column elementor-element elementor-element-e52566c\" data-id=\"e52566c\" data-element_type=\"column\">\n\t\t\t<div class=\"elementor-widget-wrap elementor-element-populated\">\n\t\t\t\t\t\t\t\t<div class=\"elementor-element elementor-element-d3f1bdc elementor-widget elementor-widget-spacer\" data-id=\"d3f1bdc\" data-element_type=\"widget\" data-widget_type=\"spacer.default\">\n\t\t\t\t<div class=\"elementor-widget-container\">\n\t\t\t\t\t<div class=\"elementor-spacer\">\n\t\t\t<div class=\"elementor-spacer-inner\"><\/div>\n\t\t<\/div>\n\t\t\t\t<\/div>\n\t\t\t\t<\/div>\n\t\t\t\t<div class=\"elementor-element elementor-element-06b6a5f elementor-widget elementor-widget-heading\" data-id=\"06b6a5f\" data-element_type=\"widget\" data-widget_type=\"heading.default\">\n\t\t\t\t<div class=\"elementor-widget-container\">\n\t\t\t<style>\/*! elementor - v3.5.4 - 23-01-2022 *\/\n.elementor-heading-title{padding:0;margin:0;line-height:1}.elementor-widget-heading .elementor-heading-title[class*=elementor-size-]>a{color:inherit;font-size:inherit;line-height:inherit}.elementor-widget-heading .elementor-heading-title.elementor-size-small{font-size:15px}.elementor-widget-heading .elementor-heading-title.elementor-size-medium{font-size:19px}.elementor-widget-heading .elementor-heading-title.elementor-size-large{font-size:29px}.elementor-widget-heading .elementor-heading-title.elementor-size-xl{font-size:39px}.elementor-widget-heading .elementor-heading-title.elementor-size-xxl{font-size:59px}<\/style><h3 class=\"elementor-heading-title elementor-size-default\">Couperose et Rougeurs | Laser Vasculaire | Vannes\n<\/h3>\t\t<\/div>\n\t\t\t\t<\/div>\n\t\t\t\t<div class=\"elementor-element elementor-element-05e3d0e elementor-widget elementor-widget-image\" data-id=\"05e3d0e\" data-element_type=\"widget\" data-widget_type=\"image.default\">\n\t\t\t\t<div class=\"elementor-widget-container\">\n\t\t\t<style>\/*! elementor - v3.5.4 - 23-01-2022 *\/\n.elementor-widget-image{text-align:center}.elementor-widget-image a{display:inline-block}.elementor-widget-image a img[src$=\".svg\"]{width:48px}.elementor-widget-image img{vertical-align:middle;display:inline-block}<\/style>\t\t\t\t\t\t\t\t\t\t\t\t<img loading=\"lazy\" decoding=\"async\" width=\"640\" height=\"220\" src=\"https:\/\/www.dr-moureaux.com\/wp-content\/uploads\/2022\/01\/vasculaire.png\" class=\"attachment-large size-large\" alt=\"\" srcset=\"https:\/\/www.dr-moureaux.com\/wp-content\/uploads\/2022\/01\/vasculaire.png 930w, https:\/\/www.dr-moureaux.com\/wp-content\/uploads\/2022\/01\/vasculaire-300x103.png 300w, https:\/\/www.dr-moureaux.com\/wp-content\/uploads\/2022\/01\/vasculaire-768x264.png 768w\" sizes=\"auto, (max-width: 34.9rem) calc(100vw - 2rem), (max-width: 53rem) calc(8 * (100vw \/ 12)), (min-width: 53rem) calc(6 * (100vw \/ 12)), 100vw\" \/>\t\t\t\t\t\t\t\t\t\t\t\t\t\t\t<\/div>\n\t\t\t\t<\/div>\n\t\t\t\t<div class=\"elementor-element elementor-element-4f91fc3 elementor-widget elementor-widget-heading\" data-id=\"4f91fc3\" data-element_type=\"widget\" data-widget_type=\"heading.default\">\n\t\t\t\t<div class=\"elementor-widget-container\">\n\t\t\t<h4 class=\"elementor-heading-title elementor-size-default\">Laser Vasculaire : Couperose -Rougeurs\n\n\n<\/h4>\t\t<\/div>\n\t\t\t\t<\/div>\n\t\t\t\t<div class=\"elementor-element elementor-element-bbccce7 elementor-widget elementor-widget-text-editor\" data-id=\"bbccce7\" data-element_type=\"widget\" data-widget_type=\"text-editor.default\">\n\t\t\t\t<div class=\"elementor-widget-container\">\n\t\t\t<style>\/*! elementor - v3.5.4 - 23-01-2022 *\/\n.elementor-widget-text-editor.elementor-drop-cap-view-stacked .elementor-drop-cap{background-color:#818a91;color:#fff}.elementor-widget-text-editor.elementor-drop-cap-view-framed .elementor-drop-cap{color:#818a91;border:3px solid;background-color:transparent}.elementor-widget-text-editor:not(.elementor-drop-cap-view-default) .elementor-drop-cap{margin-top:8px}.elementor-widget-text-editor:not(.elementor-drop-cap-view-default) .elementor-drop-cap-letter{width:1em;height:1em}.elementor-widget-text-editor .elementor-drop-cap{float:left;text-align:center;line-height:1;font-size:50px}.elementor-widget-text-editor .elementor-drop-cap-letter{display:inline-block}<\/style>\t\t\t\t<p><strong>La couperose est trait\u00e9e depuis longtemps par les dermatologues.<\/strong><\/p><p>Le laser est actuellement la technique de r\u00e9f\u00e9rence pour se d\u00e9barrasser des rougeurs qui sont \u00e9limin\u00e9es apr\u00e8s 3 \u00e0 5 s\u00e9ances de traitement.<\/p><p>Il faut souvent attendre deux mois apr\u00e8s une s\u00e9ance pour appr\u00e9cier les r\u00e9sultats qui ne sont vraiment probants qu\u2019apr\u00e8s plusieurs s\u00e9ances.<\/p><div><p>Les rougeurs\u00a0 sont l\u2019expression d\u2019un syst\u00e8me vasculaire plus marqu\u00e9 sur le visage, laissant \u00a0apercevoir sur la surface \u00e9pidermique des petits vaisseaux avec g\u00eane fonctionnelle et esth\u00e9tique alt\u00e9rant la qualit\u00e9 de vie. Ces anomalies rel\u00e8vent d\u2019une origine plurielle\u00a0:<\/p><ul><li>G\u00e9n\u00e9tique, il est fr\u00e9quent de retrouver les m\u00eames signes chez un ou plusieurs membres de la famille<\/li><li>Professionnelle, tout travail op\u00e9r\u00e9 dans un environnement avec T\u00b0 abaiss\u00e9e contribue \u00e0 exprimer ces rougeurs<\/li><li>Le facteur comportemental, toute consommation excessive tabagique et solaire va catalyser ce risque de couperose.<\/li><\/ul><p>L\u2019apparition de bouff\u00e9es de chaleur lors des \u00a0changements de T\u00b0, d\u2019une consommation m\u00eame mod\u00e9r\u00e9e d\u2019alcool, l\u2019ingestion rapide d\u2019aliments tr\u00e8s chauds ou \u00e9pic\u00e9s,\u00a0 le confinement dans une salle surchauff\u00e9e, le contact de toute source de chaleur, un stress, repr\u00e9sentent autant de situation pour aggraver cette g\u00eane et la majorer dans le temps.<\/p><p>Les anomalies peuvent\u00a0 \u00eatre r\u00e9duites ou extensives. LE LASER VASCULAIRE repr\u00e9sente l\u2019indication th\u00e9rapeutique adapt\u00e9e pour ces manifestations. Le traitement est codifi\u00e9, standardis\u00e9, bien tol\u00e9r\u00e9, non douloureux, avec peu\u00a0 ou pas d\u2019effets\u00a0 ind\u00e9sirables et sans \u00e9viction sociale.<\/p><p>Il est n\u00e9cessaire de se d\u00e9maquiller avant la s\u00e9ance, appliquer une cr\u00e8me \u00e9molliente en post-acte et se photoprot\u00e9ger.\u00a0 Cette technique peut \u00eatre pratiqu\u00e9e de octobre \u00e0 fin juin.<\/p><p>Il est n\u00e9cessaire de reproduire 1 s\u00e9ance par an afin de stabiliser le r\u00e9sultat initial obtenu.<\/p><p>Le laser vasculaire est indiqu\u00e9 dans\u00a0:<\/p><ul><li>La couperose du visage<\/li><li>Les rougeurs diffuses<\/li><li>Les petits vaisseaux p\u00e9ri-narinaires<\/li><li>Les angiomes stellaires ou petites \u00e9toiles rouges chez les enfants ou apr\u00e8s la grossesse<\/li><li>Les rougeurs du cou<\/li><\/ul><\/div>\t\t\t\t\t\t<\/div>\n\t\t\t\t<\/div>\n\t\t\t\t<div class=\"elementor-element elementor-element-bb849b0 elementor-widget elementor-widget-spacer\" data-id=\"bb849b0\" data-element_type=\"widget\" data-widget_type=\"spacer.default\">\n\t\t\t\t<div class=\"elementor-widget-container\">\n\t\t\t\t\t<div class=\"elementor-spacer\">\n\t\t\t<div class=\"elementor-spacer-inner\"><\/div>\n\t\t<\/div>\n\t\t\t\t<\/div>\n\t\t\t\t<\/div>\n\t\t\t\t\t<\/div>\n\t\t<\/div>\n\t\t\t\t\t\t\t<\/div>\n\t\t<\/section>\n\t\t\t\t\t\t<\/div>\n\t\t\t\t\t<\/div>\n\t\t","protected":false},"excerpt":{"rendered":"<p>Couperose et Rougeurs | Laser Vasculaire | Vannes Laser Vasculaire : Couperose -Rougeurs La couperose est trait\u00e9e depuis longtemps par les dermatologues. Le laser est actuellement la technique de r\u00e9f\u00e9rence pour se d\u00e9barrasser des rougeurs qui sont \u00e9limin\u00e9es apr\u00e8s 3 \u00e0 5 s\u00e9ances de traitement. Il faut souvent attendre deux mois apr\u00e8s une s\u00e9ance pour &hellip; <\/p>\n<p class=\"link-more\"><a href=\"https:\/\/www.dr-moureaux.com\/index.php\/acceuil\/laser-vasculaire\/\" class=\"more-link\">Continue reading<span class=\"screen-reader-text\"> &#8220;Laser Vasculaire\u00a0&#8220;<\/span><\/a><\/p>\n","protected":false},"author":1,"featured_media":0,"parent":26,"menu_order":0,"comment_status":"closed","ping_status":"closed","template":"elementor_header_footer","meta":{"footnotes":""},"class_list":["post-759","page","type-page","status-publish","hentry","entry"],"yoast_head":"<!-- This site is optimized with the Yoast SEO plugin v18.0 - https:\/\/yoast.com\/wordpress\/plugins\/seo\/ -->\n<title>Laser Vasculaire\u00a0 - Dr Moureaux<\/title>\n<meta name=\"description\" content=\"La couperose est trait\u00e9e depuis longtemps par les dermatologues.Le laser est actuellement la technique de r\u00e9f\u00e9rence pour se d\u00e9barrasser des rougeurs qui sont \u00e9limin\u00e9es apr\u00e8s 3 \u00e0 5 s\u00e9ances de traitement.Il faut souvent attendre deux mois apr\u00e8s une s\u00e9ance pour appr\u00e9cier les r\u00e9sultats qui ne sont vraiment probants qu\u2019apr\u00e8s plusieurs s\u00e9ances.\" \/>\n<meta name=\"robots\" content=\"index, follow, max-snippet:-1, max-image-preview:large, max-video-preview:-1\" \/>\n<link rel=\"canonical\" href=\"https:\/\/www.dr-moureaux.com\/index.php\/acceuil\/traitements-anti-age__trashed\/laser-vasculaire\/\" \/>\n<meta property=\"og:locale\" content=\"en_US\" \/>\n<meta property=\"og:type\" content=\"article\" \/>\n<meta property=\"og:title\" content=\"Laser Vasculaire\u00a0 - Dr Moureaux\" \/>\n<meta property=\"og:description\" content=\"La couperose est trait\u00e9e depuis longtemps par les dermatologues.Le laser est actuellement la technique de r\u00e9f\u00e9rence pour se d\u00e9barrasser des rougeurs qui sont \u00e9limin\u00e9es apr\u00e8s 3 \u00e0 5 s\u00e9ances de traitement.Il faut souvent attendre deux mois apr\u00e8s une s\u00e9ance pour appr\u00e9cier les r\u00e9sultats qui ne sont vraiment probants qu\u2019apr\u00e8s plusieurs s\u00e9ances.\" \/>\n<meta property=\"og:url\" content=\"https:\/\/www.dr-moureaux.com\/index.php\/acceuil\/traitements-anti-age__trashed\/laser-vasculaire\/\" \/>\n<meta property=\"og:site_name\" content=\"Dr Moureaux\" \/>\n<meta property=\"article:modified_time\" content=\"2022-01-27T16:33:09+00:00\" \/>\n<meta property=\"og:image\" content=\"https:\/\/www.dr-moureaux.com\/wp-content\/uploads\/2022\/01\/vasculaire.png\" \/>\n<meta name=\"twitter:card\" content=\"summary_large_image\" \/>\n<meta name=\"twitter:label1\" content=\"Est. reading time\" \/>\n\t<meta name=\"twitter:data1\" content=\"2 minutes\" \/>\n<script type=\"application\/ld+json\" class=\"yoast-schema-graph\">{\"@context\":\"https:\/\/schema.org\",\"@graph\":[{\"@type\":\"WebSite\",\"@id\":\"https:\/\/www.dr-moureaux.com\/#website\",\"url\":\"https:\/\/www.dr-moureaux.com\/\",\"name\":\"Dr Moureaux\",\"description\":\"Dermatologue et v\u00e9n\u00e9rologue \u00e0 Vannes\",\"potentialAction\":[{\"@type\":\"SearchAction\",\"target\":{\"@type\":\"EntryPoint\",\"urlTemplate\":\"https:\/\/www.dr-moureaux.com\/?s={search_term_string}\"},\"query-input\":\"required name=search_term_string\"}],\"inLanguage\":\"en-US\"},{\"@type\":\"ImageObject\",\"@id\":\"https:\/\/www.dr-moureaux.com\/index.php\/acceuil\/traitements-anti-age__trashed\/laser-vasculaire\/#primaryimage\",\"inLanguage\":\"en-US\",\"url\":\"https:\/\/www.dr-moureaux.com\/wp-content\/uploads\/2022\/01\/vasculaire.png\",\"contentUrl\":\"https:\/\/www.dr-moureaux.com\/wp-content\/uploads\/2022\/01\/vasculaire.png\",\"width\":930,\"height\":320},{\"@type\":\"WebPage\",\"@id\":\"https:\/\/www.dr-moureaux.com\/index.php\/acceuil\/traitements-anti-age__trashed\/laser-vasculaire\/#webpage\",\"url\":\"https:\/\/www.dr-moureaux.com\/index.php\/acceuil\/traitements-anti-age__trashed\/laser-vasculaire\/\",\"name\":\"Laser Vasculaire\u00a0 - Dr Moureaux\",\"isPartOf\":{\"@id\":\"https:\/\/www.dr-moureaux.com\/#website\"},\"primaryImageOfPage\":{\"@id\":\"https:\/\/www.dr-moureaux.com\/index.php\/acceuil\/traitements-anti-age__trashed\/laser-vasculaire\/#primaryimage\"},\"datePublished\":\"2022-01-27T14:36:41+00:00\",\"dateModified\":\"2022-01-27T16:33:09+00:00\",\"description\":\"La couperose est trait\u00e9e depuis longtemps par les dermatologues.Le laser est actuellement la technique de r\u00e9f\u00e9rence pour se d\u00e9barrasser des rougeurs qui sont \u00e9limin\u00e9es apr\u00e8s 3 \u00e0 5 s\u00e9ances de traitement.Il faut souvent attendre deux mois apr\u00e8s une s\u00e9ance pour appr\u00e9cier les r\u00e9sultats qui ne sont vraiment probants qu\u2019apr\u00e8s plusieurs s\u00e9ances.\",\"breadcrumb\":{\"@id\":\"https:\/\/www.dr-moureaux.com\/index.php\/acceuil\/traitements-anti-age__trashed\/laser-vasculaire\/#breadcrumb\"},\"inLanguage\":\"en-US\",\"potentialAction\":[{\"@type\":\"ReadAction\",\"target\":[\"https:\/\/www.dr-moureaux.com\/index.php\/acceuil\/traitements-anti-age__trashed\/laser-vasculaire\/\"]}]},{\"@type\":\"BreadcrumbList\",\"@id\":\"https:\/\/www.dr-moureaux.com\/index.php\/acceuil\/traitements-anti-age__trashed\/laser-vasculaire\/#breadcrumb\",\"itemListElement\":[{\"@type\":\"ListItem\",\"position\":1,\"name\":\"Accueil\",\"item\":\"https:\/\/www.dr-moureaux.com\/\"},{\"@type\":\"ListItem\",\"position\":2,\"name\":\"Acceuil\",\"item\":\"https:\/\/www.dr-moureaux.com\/\"},{\"@type\":\"ListItem\",\"position\":3,\"name\":\"Laser Vasculaire\u00a0\"}]}]}<\/script>\n<!-- \/ Yoast SEO plugin. -->","yoast_head_json":{"title":"Laser Vasculaire\u00a0 - Dr Moureaux","description":"La couperose est trait\u00e9e depuis longtemps par les dermatologues.Le laser est actuellement la technique de r\u00e9f\u00e9rence pour se d\u00e9barrasser des rougeurs qui sont \u00e9limin\u00e9es apr\u00e8s 3 \u00e0 5 s\u00e9ances de traitement.Il faut souvent attendre deux mois apr\u00e8s une s\u00e9ance pour appr\u00e9cier les r\u00e9sultats qui ne sont vraiment probants qu\u2019apr\u00e8s plusieurs s\u00e9ances.","robots":{"index":"index","follow":"follow","max-snippet":"max-snippet:-1","max-image-preview":"max-image-preview:large","max-video-preview":"max-video-preview:-1"},"canonical":"https:\/\/www.dr-moureaux.com\/index.php\/acceuil\/traitements-anti-age__trashed\/laser-vasculaire\/","og_locale":"en_US","og_type":"article","og_title":"Laser Vasculaire\u00a0 - Dr Moureaux","og_description":"La couperose est trait\u00e9e depuis longtemps par les dermatologues.Le laser est actuellement la technique de r\u00e9f\u00e9rence pour se d\u00e9barrasser des rougeurs qui sont \u00e9limin\u00e9es apr\u00e8s 3 \u00e0 5 s\u00e9ances de traitement.Il faut souvent attendre deux mois apr\u00e8s une s\u00e9ance pour appr\u00e9cier les r\u00e9sultats qui ne sont vraiment probants qu\u2019apr\u00e8s plusieurs s\u00e9ances.","og_url":"https:\/\/www.dr-moureaux.com\/index.php\/acceuil\/traitements-anti-age__trashed\/laser-vasculaire\/","og_site_name":"Dr Moureaux","article_modified_time":"2022-01-27T16:33:09+00:00","og_image":[{"url":"https:\/\/www.dr-moureaux.com\/wp-content\/uploads\/2022\/01\/vasculaire.png"}],"twitter_card":"summary_large_image","twitter_misc":{"Est. reading time":"2 minutes"},"schema":{"@context":"https:\/\/schema.org","@graph":[{"@type":"WebSite","@id":"https:\/\/www.dr-moureaux.com\/#website","url":"https:\/\/www.dr-moureaux.com\/","name":"Dr Moureaux","description":"Dermatologue et v\u00e9n\u00e9rologue \u00e0 Vannes","potentialAction":[{"@type":"SearchAction","target":{"@type":"EntryPoint","urlTemplate":"https:\/\/www.dr-moureaux.com\/?s={search_term_string}"},"query-input":"required name=search_term_string"}],"inLanguage":"en-US"},{"@type":"ImageObject","@id":"https:\/\/www.dr-moureaux.com\/index.php\/acceuil\/traitements-anti-age__trashed\/laser-vasculaire\/#primaryimage","inLanguage":"en-US","url":"https:\/\/www.dr-moureaux.com\/wp-content\/uploads\/2022\/01\/vasculaire.png","contentUrl":"https:\/\/www.dr-moureaux.com\/wp-content\/uploads\/2022\/01\/vasculaire.png","width":930,"height":320},{"@type":"WebPage","@id":"https:\/\/www.dr-moureaux.com\/index.php\/acceuil\/traitements-anti-age__trashed\/laser-vasculaire\/#webpage","url":"https:\/\/www.dr-moureaux.com\/index.php\/acceuil\/traitements-anti-age__trashed\/laser-vasculaire\/","name":"Laser Vasculaire\u00a0 - Dr Moureaux","isPartOf":{"@id":"https:\/\/www.dr-moureaux.com\/#website"},"primaryImageOfPage":{"@id":"https:\/\/www.dr-moureaux.com\/index.php\/acceuil\/traitements-anti-age__trashed\/laser-vasculaire\/#primaryimage"},"datePublished":"2022-01-27T14:36:41+00:00","dateModified":"2022-01-27T16:33:09+00:00","description":"La couperose est trait\u00e9e depuis longtemps par les dermatologues.Le laser est actuellement la technique de r\u00e9f\u00e9rence pour se d\u00e9barrasser des rougeurs qui sont \u00e9limin\u00e9es apr\u00e8s 3 \u00e0 5 s\u00e9ances de traitement.Il faut souvent attendre deux mois apr\u00e8s une s\u00e9ance pour appr\u00e9cier les r\u00e9sultats qui ne sont vraiment probants qu\u2019apr\u00e8s plusieurs s\u00e9ances.","breadcrumb":{"@id":"https:\/\/www.dr-moureaux.com\/index.php\/acceuil\/traitements-anti-age__trashed\/laser-vasculaire\/#breadcrumb"},"inLanguage":"en-US","potentialAction":[{"@type":"ReadAction","target":["https:\/\/www.dr-moureaux.com\/index.php\/acceuil\/traitements-anti-age__trashed\/laser-vasculaire\/"]}]},{"@type":"BreadcrumbList","@id":"https:\/\/www.dr-moureaux.com\/index.php\/acceuil\/traitements-anti-age__trashed\/laser-vasculaire\/#breadcrumb","itemListElement":[{"@type":"ListItem","position":1,"name":"Accueil","item":"https:\/\/www.dr-moureaux.com\/"},{"@type":"ListItem","position":2,"name":"Acceuil","item":"https:\/\/www.dr-moureaux.com\/"},{"@type":"ListItem","position":3,"name":"Laser Vasculaire\u00a0"}]}]}},"_links":{"self":[{"href":"https:\/\/www.dr-moureaux.com\/index.php\/wp-json\/wp\/v2\/pages\/759","targetHints":{"allow":["GET"]}}],"collection":[{"href":"https:\/\/www.dr-moureaux.com\/index.php\/wp-json\/wp\/v2\/pages"}],"about":[{"href":"https:\/\/www.dr-moureaux.com\/index.php\/wp-json\/wp\/v2\/types\/page"}],"author":[{"embeddable":true,"href":"https:\/\/www.dr-moureaux.com\/index.php\/wp-json\/wp\/v2\/users\/1"}],"replies":[{"embeddable":true,"href":"https:\/\/www.dr-moureaux.com\/index.php\/wp-json\/wp\/v2\/comments?post=759"}],"version-history":[{"count":19,"href":"https:\/\/www.dr-moureaux.com\/index.php\/wp-json\/wp\/v2\/pages\/759\/revisions"}],"predecessor-version":[{"id":1039,"href":"https:\/\/www.dr-moureaux.com\/index.php\/wp-json\/wp\/v2\/pages\/759\/revisions\/1039"}],"up":[{"embeddable":true,"href":"https:\/\/www.dr-moureaux.com\/index.php\/wp-json\/wp\/v2\/pages\/26"}],"wp:attachment":[{"href":"https:\/\/www.dr-moureaux.com\/index.php\/wp-json\/wp\/v2\/media?parent=759"}],"curies":[{"name":"wp","href":"https:\/\/api.w.org\/{rel}","templated":true}]}}